
100000100011101
In base 16, what is 2b9 + 16279?
16532
In base 14, what is -125 + 1c0523?
1c03dc
In base 2, what is -100011101010001000 + 1010010?
-100011101000110110
In base 2, what is -1001001 - -1000011010001?
1000010001000
In base 16, what is 8 + -3c215c?
-3c2154
In base 14, what is 8b42a82 - 1?
8b42a81
In base 15, what is -2843 - -108b2?
d06e
In base 11, what is 37 - -15a70059?
15a70095
In base 6, what is -5434003 - 1555?
-5440002
In base 3, what is 2 - -211020010201?
211020010210
In base 14, what is -4 - -487a11a?
487a116
In base 6, what is 5 + -21141524001?
-21141523552
In base 9, what is -28558 + 176?
-28372
In base 10, what is -16124 - 40621?
-56745
In base 10, what is 13609515 - 0?
13609515
In base 3, what is -2 + -11212110120002?
-11212110120011
In base 12, what is 6 + -4496514?
-449650a
In base 11, what is 168003 - -37?
16803a
In base 11, what is 2583a7197 - 3?
2583a7194
In base 2, what is -10001011101011 - 100101010101?
-10110001000000
In base 10, what is 1 - 5963365?
-5963364
In base 3, what is -11002010210210 + 12?
-11002010210121
In base 4, what is -311033 + 3021002?
2103303
In base 2, what is -101110111111101111111 - -1100011?
-101110111111100011100
In base 14, what is 927c - -249d?
b73b
In base 9, what is 1 - -43161446?
43161447
In base 11, what is -5 + -24a8a0?
-24a8a5
In base 7, what is -1 - -5312535?
5312534
In base 12, what is -26047a - -a9?
-260391
In base 2, what is 111001100011100010 + -1000110?
111001100010011100
In base 11, what is -a + 246a3a?
246a30
In base 4, what is 1212003 - -2322?
1220331
In base 3, what is 20011212001220 + -102?
20011212001111
In base 11, what is 6497 - 36325?
-2a939
In base 15, what is 5 - 77de1?
-77ddb
In base 2, what is 100000111010111001101100000010 + -101?
100000111010111001101011111101
In base 4, what is 201130 + -23100111?
-22232321
In base 5, what is -112234 - -10304?
-101430
In base 14, what is -2dd3 - -437?
-299a
In base 10, what is -4 - -2016935?
2016931
In base 7, what is -653136 - 334?
-653503
In base 12, what is -59ba376 + 4?
-59ba372
In base 7, what is -2150246215 + 2?
-2150246213
In base 8, what is -2 - -35011707?
35011705
In base 16, what is 6251c2 - 2?
6251c0
In base 7, what is 3 + -24640165?
-24640162
In base 7, what is -222510 + 2244?
-220233
In base 13, what is -5 - -1116369b?
11163696
In base 4, what is -101 - -120202012?
120201311
In base 12, what is -35 + 4383?
434a
In base 13, what is 1052896 + -2?
1052894
In base 14, what is 4 - 2372aa?
-2372a6
In base 4, what is 2133002 - -101013?
2300021
In base 7, what is -3 - -154062421?
154062415
In base 7, what is -30606 + -4655?
-35564
In base 7, what is -16 + 5255143?
5255124
In base 16, what is 715c - -1201?
835d
In base 4, what is -203303213020 + -2?
-203303213022
In base 7, what is 1364026 + -2012?
1362014
In base 12, what is -353526 - 20?
-353546
In base 3, what is -212102010010012 + 20?
-212102010002222
In base 5, what is 241 - -143201224?
143202020
In base 15, what is 949b3 - 2?
949b1
In base 11, what is 63789 + -270?
63519
In base 12, what is -6855ba0 + -5?
-6855ba5
In base 7, what is -1 + -1642320461?
-1642320462
In base 12, what is 26154a - -a?
261558
In base 2, what is 1011001 + 111100101110100?
111100111001101
In base 10, what is 44 + 148926?
148970
In base 8, what is 64120102 + 17?
64120121
In base 13, what is 487c1 - 7aa?
48014
In base 4, what is 100 - 3102223230331?
-3102223230231
In base 2, what is 101 - -10111111110001000011?
10111111110001001000
In base 12, what is 1 - 7639372?
-7639371
In base 8, what is 1 - 713104720?
-713104717
In base 12, what is -70560 + 2b8?
-70264
In base 2, what is 10000111 - -1011011111001000?
1011100001001111
In base 12, what is -12640 + -96?
-12716
In base 11, what is -270 - -381300?
381040
In base 4, what is 313131 + 132211?
1112002
In base 8, what is 14665 - 16272?
-1405
In base 2, what is -1111111000010100000111 - 10?
-1111111000010100001001
In base 14, what is c0801 + -168?
c0677
In base 14, what is 1a37d - 436?
19d47
In base 10, what is 1300275 + -7?
1300268
In base 13, what is -5b - -4406b5?
440657
In base 6, what is 4 + 144210153?
144210201
In base 10, what is -15851 - 220?
-16071
In base 9, what is -14118 - -11?
-14107
In base 12, what is 47 + -170632?
-1705a7
In base 8, what is 1202241205 + 1?
1202241206
In base 5, what is 10 - -1221134344?
1221134404
In base 10, what is 3909 - -1664?
5573
In base 12, what is 1a - -2b18670?
2b1868a
In base 3, what is -2201220200012 + 201?
-2201220122111
In base 7, what is -10103 + 365235?
355132
In base 12, what is 1 - -b05762?
b05763
In base 8, what is 0 - -1733501?
1733501
In base 8, what is 3007 - 62325?
-57316
In base 12, what is -48 + 6920b?
69183
In base 13, what is 263141 - 36?
263108
In base 8, what is 245551 - 160?
245371
In base 12, what is -3836 - 595?
-420b
In base 6, what is -1303040112 + 10?
-1303040102
In base 10, what is 54 - 12566056?
-12566002
In base 6, what is 200223141 - 3?
200223134
In base 15, what is -3b + 8a4?
868
In base 9, what is 445202 + 1184?
446386
In base 4, what is -1301 + 132313101?
132311200
In base 16, what is 3587d2 + -db?
3586f7
In base 7, what is 10040 - 3014?
4023
In base 11, what is 7944 + 400?
8244
In base 8, what is 1 + -34014205?
-34014204
In base 3, what is 1121021 + -110201021?
-102010000
In base 15, what is c + -10d7c86?
-10d7c79
In base 4, what is 333121 + 222223221?
223223002
In base 12, what is 56a + bab1a?
bb488
In base 15, what is 6 + -5b4751?
-5b474a
In base 7, what is -2 + 500413301?
500413266
In base 2, what is 110000100111110001001110 - -1010?
110000100111110001011000
In base 4, what is -121223301 - 112302?
-122002203
In base 5, what is 1 - -103122032402?
103122032403
In base 5, what is 42014330342 + -23?
42014330314
In base 11, what is -16618458 + 1?
-16618457
In base 2, what is 101 + -10101110101001101100010100?
-10101110101001101100001111
In base 15, what is -32da834 + -5?
-32da839
In base 14, what is -16b + 8a577?
8a40a
In base 7, what is -15 - 320116463?
-320116511
In base 14, what is 4057 + -1b9?
3c7c
In base 6, what is 44253 + 312332?
401025
In base 2, what is -11010 - 1010111111010100010?
-1010111111010111100
In base 8, what is -4 + 1637502?
1637476
In base 11, what is 30 - 189a430?
-189a400
In base 7, what is 1054011 + 206?
1054220
In base 4, what is 310301022 + 130132?
311031220
In base 11, what is -215 - 9a394?
-9a5a9
In base 13, what is 0 - -13366c4?
13366c4
In base 9, what is 1865663 + -7?
1865655
In base 15, what is -1 + -1a1ec03b?
-1a1ec03c
In base 12, what is -205057 - -4?
-205053
In base 13, what is 0 + -3994a32?
-3994a32
In base 12, what is -487598b + -3?
-4875992
In base 16, what is e215 + -18?
e1fd
In base 5, what is -313311134100 - -1?
-313311134044
In base 3, what is -21020 - 2111212022212?
-2111212121002
In base 3, what is -211222211 - 1022102?
-220022020
In base 15, what is -276 + -5020?
-5296
In base 3, what is 1012121220221202100 + 1?
1012121220221202101
In base 9, what is 1450 - -7881?
10441
In base 16, what is 1 + -19637d?
-19637c
In base 2, what is 110001001001101 + -10101110?
110000110011111
In base 9, what is 2285 - -88?
2384
In base 2, what is -1010100010100001001 + 10010?
-1010100010011110111
In base 2, what is -1 + 11101010011?
11101010010
In base 5, what is 22 + 1114311413?
1114311440
In base 11, what is -12881 - -49?
-12833
In base 9, what is 10731454 + 0?
10731454
In base 14, what is -14891a + 0?
-14891a
In base 10, what is 7848450 + -1?
7848449
In base 16, what is -27f31a3 - 1?
-27f31a4
In base 6, what is 1 - -1424133144?
1424133145
In base 4, what is 3 + -31032003300?
-31032003231
In base 2, what is 101001001000101110010000110 + 10?
101001001000101110010001000
In base 15, what is 18072d + 2bc?
1809ea
In base 2, what is -1011111110010011110001110111 - 101?
-1011111110010011110001111100
In base 16, what is -136 + 5755?
561f
In base 5, what is -21013000 - 23201?
-21041201
In base 3, what is -2110111 + 2110000011?
2100112200
In base 6, what is 400323250 + -15?
400323231
In base 5, what is -3 + -21243340213?
-21243340221
In base 14, what is b099 - -1328?
c3c3
In base 7, what is -13654 - 152640?
-166624
In base 10, what is -744913 - -18?
-744895
In base 15, what is -ddb08 + 70?
-dda88
In base 14, what is -89cc4 + -281?
-8a165
In base 9, what is 3 